mon factor of 960 and 3872.
32
Calculate the greatest common factor of 679 and 316317.
97
Calculate the greatest common factor of 112266 and 56.
14
Calculate the highest common divisor of 100964 and 2881.
43
What is the highest common factor of 4888 and 160693?
611
Calculate the highest common factor of 24119 and 4183.
89
Calculate the greatest common factor of 400 and 9674.
2
What is the highest common factor of 216 and 42552?
216
What is the greatest common factor of 17 and 264877?
17
Calculate the highest common factor of 312 and 1293448.
104
What is the greatest common divisor of 281190 and 130?
130
Calculate the greatest common divisor of 8188 and 276.
92
What is the highest common factor of 1501 and 8132?
19
Calculate the highest common factor of 968 and 20768.
88
Calculate the highest common divisor of 57297 and 1065.
213
What is the greatest common divisor of 1425 and 570?
285
Calculate the greatest common divisor of 55361 and 58.
29
What is the highest common divisor of 99376 and 16?
16
What is the highest common divisor of 199318 and 322?
322
What is the highest common divisor of 57 and 4883?
19
What is the greatest common divisor of 5251 and 177?
59
What is the highest common divisor of 398 and 289346?
398
Calculate the greatest common factor of 998 and 202095.
499
What is the highest common factor of 2984 and 93250?
746
What is the highest common divisor of 169730 and 110?
110
What is the greatest common divisor of 369 and 6466725?
369
Calculate the greatest common factor of 63 and 299656.
7
What is the highest common factor of 547064 and 308?
28
What is the greatest common divisor of 81621 and 189?
27
Calculate the greatest common factor of 74 and 426462.
74
Calculate the highest common factor of 1025118 and 162.
18
What is the greatest common factor of 416777 and 1724?
431
Calculate the highest common divisor of 31962 and 1974.
42
What is the greatest common factor of 7475 and 82675?
25
What is the highest common divisor of 182 and 298858?
14
Calculate the greatest common factor of 4223 and 1025.
41
Calculate the greatest common factor of 160340 and 10.
10
What is the greatest common divisor of 211149 and 1044?
261
What is the greatest common divisor of 118 and 42893?
59
Calculate the highest common divisor of 3474 and 26827.
193
Calculate the greatest common factor of 709995 and 60060.
2145
What is the highest common divisor of 282408 and 328?
328
Calculate the greatest common factor of 14586 and 209253.
561
What is the highest common factor of 66723 and 552?
69
Calculate the greatest common factor of 1164 and 16684.
388
What is the greatest common factor of 77027 and 850?
17
What is the greatest common divisor of 458532 and 9024?
564
Calculate the highest common factor of 77 and 3789379.
11
Calculate the greatest common factor of 1233782 and 22.
22
What is the highest common factor of 3656 and 8?
8
What is the highest common divisor of 180 and 785?
5
What is the greatest common divisor of 52962 and 371?
7
What is the greatest common divisor of 1 and 466079?
1
Calculate the highest common divisor of 281972 and 628.
628
Calculate the highest common divisor of 750 and 306.
6
Calculate the highest common factor of 320829 and 1374.
687
Calculate the greatest common factor of 1995 and 113601.
57
Calculate the highest common factor of 121121 and 67067.
1001
Calculate the highest common factor of 981 and 82665.
9
Calculate the greatest common factor of 40 and 69490.
10
What is the greatest common factor of 63039 and 12?
3
What is the highest common factor of 7 and 1143?
1
What is the highest common factor of 50163 and 1110129?
2181
What is the highest common divisor of 2556 and 16827?
213
What is the highest common factor of 20305 and 1085?
155
What is the highest common divisor of 1638 and 18798?
78
Calculate the highest common factor of 414 and 5842.
46
Calculate the highest common factor of 39108 and 84.
12
What is the highest common divisor of 24 and 16620?
12
Calculate the greatest common divisor of 1650 and 66.
66
Calculate the greatest common factor of 21909 and 218.
109
What is the greatest common factor of 20062 and 91?
7
What is the greatest common divisor of 18956 and 11509?
677
What is the greatest common divisor of 506 and 310178?
506
Calculate the greatest common factor of 8720 and 107256.
872
Calculate the highest common divisor of 495 and 330795.
45
What is the highest common divisor of 5096 and 8216?
104
What is the highest common divisor of 285550 and 50?
50
Calculate the highest common factor of 59826 and 1770.
354
What is the greatest common factor of 209274 and 195?
39
Calculate the highest common factor of 6349 and 1253.
7
What is the greatest common divisor of 945 and 82089?
63
What is the highest common divisor of 82414 and 1246?
178
Calculate the greatest common factor of 252 and 84924.
252
What is the highest common divisor of 270 and 840600?
90
What is the highest common factor of 35 and 515535?
5
Calculate the greatest common divisor of 34858 and 58.
58
What is the greatest common factor of 83828 and 38?
38
What is the greatest common divisor of 160 and 13960?
40
Calculate the highest common divisor of 9674 and 42.
14
What is the highest common divisor of 31570 and 72380?
770
Calculate the greatest common divisor of 231 and 70840.
77
Calculate the greatest common divisor of 1032 and 2568.
24
What is the highest common divisor of 132076 and 6?
2
What is the greatest common factor of 40 and 197608?
8
What is the highest common factor of 465 and 2725365?
465
Calculate the highest common divisor of 160910 and 10.
10
What is the greatest common divisor of 11312 and 128?
16
Calculate the highest common divisor of 44884 and 36456.
196
What is the greatest common divisor of 544576 and 1340?
268
What is the highest common factor of 7465908 and 12?
12
What is the highest common factor of 655475 and 150?
25
Calculate the highest common divisor of 11640 and 8964.
12
Calculate the greatest common divisor of 7497 and 4557.
147
Calculate the greatest common factor of 2167 and 2636451.
197
Calculate the greatest common divisor of 1783767 and 3282.
1641
Calculate the highest common factor of 42673 and 921.
307
What is the highest common factor of 173898 and 270?
18
What is the highest common divisor of 273 and 280917?
273
Calculate the highest common factor of 153 and 555543.
153
What is the highest common divisor of 241598 and 28?
14
What is the greatest common divisor of 31 and 13440887?
31
Calculate the highest common divisor of 36 and 1074078.
18
What is the highest common factor of 1060038 and 94?
94
Calculate the greatest common factor of 190 and 730.
10
What is the greatest common divisor of 83347 and 176?
11
What is the highest common factor of 15871 and 1003?
59
What is the greatest common divisor of 112 and 835464?
56
Calculate the greatest common divisor of 126275 and 400.
25
What is the greatest common divisor of 42 and 2845514?
14
What is the greatest common factor of 716 and 292?
4
What is the highest common divisor of 507366 and 1278?
1278
Calculate the highest common divisor of 1008 and 39704.
56
What is the greatest common divisor of 9544 and 196?
4
Calculate the greatest common divisor of 2 and 31546.
2
What is the highest common divisor of 21 and 10821153?
21
What is the greatest common factor of 4753 and 97?
97
Calculate the greatest common divisor of 12 and 242038.
2
What is the greatest common factor of 2400 and 768?
96
What is the greatest common divisor of 25 and 8010600?
25
Calculate the highest common factor of 1702403 and 201.
67
Calculate the greatest common divisor of 21402 and 348.
174
Calculate the highest common factor of 256 and 75232.
32
What is the greatest common factor of 171 and 119871?
171
Calculate the highest common divisor of 1380 and 8220.
60
What is the greatest common divisor of 483 and 1447068?
483
Calculate the greatest common factor of 38171 and 291403.
931
Calculate the highest common factor of 1839141 and 13032.
1629
Calculate the highest common divisor of 174960 and 675.
135
Calculate the greatest common factor of 363 and 14355.
33
What is the highest common divisor of 87267 and 114?
57
What is the greatest common factor of 666 and 1506?
6
Calculate the highest common f